s 360365 a prime number?
False
Is 8491 composite?
True
Is 50261 a composite number?
False
Is 20323 a composite number?
False
Is 5540671 prime?
False
Is 22361 prime?
False
Is 356299 prime?
True
Is 521 a composite number?
False
Is 17735 a composite number?
True
Is 253901 composite?
False
Is 222531 composite?
True
Is 30131 prime?
False
Is 4303 prime?
False
Is 89074 a composite number?
True
Is 7507 a prime number?
True
Is 38279 composite?
True
Is 15439 composite?
False
Is 347849 composite?
False
Is 1235363 composite?
False
Is 159905 prime?
False
Is 96983 composite?
True
Is 318851 composite?
True
Is 444647 composite?
True
Is 6761 a composite number?
False
Is 367301 composite?
True
Is 335 a composite number?
True
Is 1513 a prime number?
False
Is 2103 composite?
True
Is 24907 prime?
True
Is 20849 composite?
False
Is 26527 composite?
True
Is 410929 composite?
False
Is 83081 composite?
True
Is 1163933 a composite number?
True
Is 129161 a prime number?
False
Is 4439 composite?
True
Is 797441 a composite number?
True
Is 135781 a prime number?
True
Is 266221 a prime number?
True
Is 484957 a composite number?
True
Is 26371 a composite number?
False
Is 4153 a composite number?
False
Is 59383 a composite number?
True
Is 278929 a composite number?
True
Is 674279 composite?
True
Is 55907 composite?
True
Is 447637 prime?
True
Is 29459 composite?
True
Is 785 composite?
True
Is 2601709 composite?
True
Is 5953 composite?
False
Is 3017867 a composite number?
False
Is 398353 a composite number?
False
Is 4987 a prime number?
True
Is 3811 a prime number?
False
Is 10289 a composite number?
False
Is 15893 a composite number?
True
Is 38351 a composite number?
False
Is 65497 a composite number?
False
Is 200909 a composite number?
False
Is 2846 composite?
True
Is 47195 a composite number?
True
Is 137689 a composite number?
True
Is 3127 prime?
False
Is 137177 prime?
True
Is 33431 a composite number?
True
Is 113889 a prime number?
False
Is 239 prime?
True
Is 57881 composite?
False
Is 797 a prime number?
True
Is 20071 prime?
True
Is 1308367 prime?
True
Is 5303 a composite number?
False
Is 133121 a composite number?
False
Is 28187 composite?
True
Is 18007 a composite number?
True
Is 1064186 prime?
False
Is 8329 composite?
False
Is 150503 a prime number?
True
Is 9143 a composite number?
True
Is 6197 prime?
True
Is 70891 composite?
False
Is 276169 a prime number?
False
Is 57367 prime?
True
Is 67679 a composite number?
False
Is 2767 prime?
True
Is 107563 composite?
False
Is 17777 composite?
True
Is 495611 composite?
False
Is 223903 prime?
True
Is 941 prime?
True
Is 214723 prime?
True
Is 230767 composite?
False
Is 766531 a prime number?
True
Is 4145 composite?
True
Is 47869 prime?
True
Is 946901 prime?
True
Is 28097 a prime number?
True
Is 162883 composite?
True
Is 242533 a prime number?
True
Is 2496001 a prime number?
False
Is 46721 a composite number?
True
Is 8782 a composite number?
True
Is 1102069 a prime number?
True
Is 163159 a composite number?
True
Is 1168673 a composite number?
True
Is 8402 composite?
True
Is 84089 a prime number?
True
Is 19937 prime?
True
Is 89351 a prime number?
False
Is 20467 composite?
True
Is 7999 composite?
True
Is 21481 composite?
False
Is 273029 a prime number?
True
Is 2638479 a prime number?
False
Is 37435 a composite number?
True
Is 95843 composite?
True
Is 36721 a prime number?
True
Is 20201 a prime number?
True
Is 4175679 prime?
False
Is 1672793 a composite number?
True
Is 330685 prime?
False
Is 9031 a composite number?
True
Is 184865 a prime number?
False
Is 10589 a composite number?
False
Is 1251077 a composite number?
True
Is 2787 prime?
False
Is 6733 prime?
True
Is 2726363 a composite number?
False
Is 271805 a prime number?
False
Is 5309 prime?
True
Is 1369 a prime number?
False
Is 43067 a composite number?
False
Is 20089 prime?
True
Is 25409 composite?
False
Is 20593 composite?
False
Is 8621 a prime number?
False
Is 998333 prime?
False
Is 21011 prime?
True
Is 3211539 composite?
True
Is 9151 prime?
True
Is 33197 prime?
False
Is 51539 a prime number?
True
Is 947707 a prime number?
True
Is 72983 composite?
True
Is 12871 prime?
False
Is 82681 composite?
True
Is 9841 a prime number?
False
Is 55763 composite?
False
Is 2415895 a composite number?
True
Is 87827 prime?
False
Is 271169 composite?
False
Is 1610731 a prime number?
False
Is 522287 a composite number?
True
Is 22431 prime?
False
Is 18229 a composite number?
False
Is 69911 a prime number?
True
Is 72031 prime?
True
Is 5779499 a prime number?
False
Is 4201 composite?
False
Is 2521 a composite number?
False
Is 14699 a prime number?
True
Is 20411 composite?
False
Is 709939 a prime number?
False
Is 299711 composite?
False
Is 239489 a composite number?
False
Is 8807 a prime number?
True
Is 13063 a prime number?
True
Is 478321 prime?
True
Is 195683 a prime number?
False
Is 230539 a composite number?
False
Is 179623 prime?
True
Is 20105 prime?
False
Is 108943 a composite number?
False
Is 240997 a prime number?
True
Is 29089 composite?
True
Is 184543 a prime number?
False
Is 348709 a composite number?
False
Is 256279 prime?
True
Is 575957 prime?
True
Is 2243069 composite?
True
Is 11656499 a composite number?
False
Is 595873 prime?
True
Is 31721 a prime number?
True
Is 3491 a prime number?
True
Is 1741 prime?
True
Is 295255 composite?
True
Is 133631 a composite number?
False
Is 12091 composite?
True
Is 25391 composite?
False
Is 43427 a composite number?
False
Is 35051 prime?
True
Is 193801 prime?
False
Is 13961 prime?
False
Is 105881 a prime number?
False
Is 521923 composite?
False
Is 1574 composite?
True
Is 253 a prime number?
False
Is 7637 composite?
True
Is 255901 composite?
True
Is 30183 a prime number?
False
Is 60209 a prime number?
True
Is 9923 a prime number?
True
Is 27673 prime?
True
Is 39857 composite?
False
Is 33457 a prime number?
True
Is 7934 a composite number?
True
Is 983 a composite number?
False
Is 10154 a composite number?
True
Is 11846 a prime number?
False
Is 503537 composite?
True
Is 386569 a prime number?
True
Is 40735 a composite number?
True
Is 2237 composite?
False
Is 358313 a composite number?
False
Is 6947 a composite number?
False
Is 28617 composite?
True
Is 41443 prime?
True
Is 80489 prime?
True
Is 2860417 a composite number?
True
Is 54109 a composite number?
True
Is 129211 a composite number?
True
Is 614263 prime?
False
Is 465581 composite?
False
Is 472153 composite?
True
Is 28349 prime?
True
Is 322397 a prime number?
True
Is 26587 a prime number?
False
Is 96667 a prime number?
True
Is 6218 a composite number?
True
Is 34421 a prime number?
True
Is 201073 composite?
False
Is 60209 prime?
True
Is 202967 a composite number?
False
Is 27077 a prime number?
True
Is 160707 composite?
True
Is 61543 a prime number?
True
Is 45743 a composite number?
True
Is 24731 prime?
False
Is 7769 a composite number?
True
Is 11329 a prime number?
True
Is 89591 prime?
True
Is 13162 prime?
False
Is 66277 a composite number?
True
Is 161173 a composite number?
True
Is 521449 composite?
True
Is 963703 composite?
True
Is 60913 prime?
True
Is 8779 a composite number?
False
Is 12197 a prime number?
True
Is 200969 a prime number?
False
Is 4201 composite?
False
Is 27887 prime?
False
Is 24749 composite?
False
Is 1201 prime?
True
Is 270806 composite?
True
Is 1087937 a prime number?
True
Is 30781 composite?
False
Is 902933 prime?
True
Is 1949 prime?
True
Is 131743 prime?
True
Is 92317 a prime number?
True
Is 2531 a composite number?
False
Is 437347 a composite number?
True
Is 37441 composite?
False
Is 1859269 a composite number?
False
Is 106958 a prime number?
False
Is 63577 composite?
False
Is 143549 prime?
False
Is 180857 composite?
True
Is 71387 prime?
True
Is 2599 a prime number?
False
Is 2307889 a composite number?
True
Is 7818695 a composite number?
True
Is 20593 a prime number?
True
Is 38299 composite?
False
Is 123889 composite?
True
Is 23599 a prime number?
True
Is 2723987 prime?
False
Is 1488559 composite?
False
Is 7969 a composite number?
True
Is 88211 composite?
False
Is 219746 prime?
False
Is 32771 composite?
False
Is 110077 composite?
True
Is 32491 composite?
False
Is 120473 prime?
True
Is 124577 composite?
False
Is 616445 composite?
True
Is 19283 a prime number?
False
Is 2785 a prime nu